et t = -139 + 279. Let v = t - 105. Calculate the greatest common factor of v and 245.
35
Let y be ((-84)/35)/(2/(-155)). Calculate the highest common divisor of 62 and y.
62
Let i be (-93)/(-62)*764/3. Calculate the highest common factor of i and 2.
2
Suppose 5*k + 410 = 3*c, 5*k = -5*c + 3*c + 290. What is the greatest common divisor of 350 and c?
70
Let f be 2*1 + -10 + -4. Let v be 6/(f/(-70)) + 3. Calculate the highest common divisor of 57 and v.
19
Suppose 0 = -t - 36 + 39. Suppose 0 = 4*y + 8, t*u + 10*y - 6*y - 76 = 0. What is the highest common factor of u and 224?
28
Let s = 31 - 28. Suppose -r + 72 = s*r. Calculate the greatest common factor of 27 and r.
9
Let k(b) = -b**2 - 4*b + 4. Let h be k(-4). Suppose 1 - 13 = -h*m. Suppose -m*z + 0*z = -39. What is the highest common factor of 13 and z?
13
Let s = 24 + 124. Calculate the greatest common divisor of 1702 and s.
74
Suppose 0 = -s - x + 14, 6 = -4*x - 2. Calculate the highest common divisor of 20 and s.
4
Suppose -34*j + 41 = -46 - 49. Let n(y) = -3*y**3 - 2*y**2 - 2*y. Let t(g) = g - 9. Let s be t(7). Let v be n(s). What is the highest common divisor of j and v?
4
Let h(x) = -8*x**2 - x**3 - 10 + 13 + 6 - 6*x. Let d be h(-11). Let v be 6/(-10) - d/(-30). What is the greatest common divisor of 154 and v?
14
Let c be (5 - 475/(-10))*(-4)/(-6). Let w be c/(-10)*-2 - -2. What is the highest common factor of w and 99?
9
Suppose 0 = 177*n - 195*n + 414. Calculate the greatest common divisor of 92 and n.
23
Let l(c) be the third derivative of -c**4/24 - 2*c**3/3 + 2*c**2. Let o be l(-8). Suppose -o*s - 13 = -65. What is the greatest common divisor of s and 13?
13
Let m(a) = 12*a**2 - 14*a - 56. Let p be m(-4). Calculate the highest common divisor of 24 and p.
24
Suppose 3*r = y + 109, 4*r - y - 181 = -r. Let t = r - 25. Let h be (5 - 4)/(1/77). Calculate the highest common factor of h and t.
11
Suppose 8 = 3*f + f. Let o = 13 + -13. Suppose o = 3*b - g - 26, 0*g = 5*b - f*g - 44. Calculate the highest common factor of 24 and b.
8
Suppose -15*o + 2 = 2. Suppose o = 5*a - 10*a + 360. Calculate the greatest common divisor of 24 and a.
24
Let n(w) = -23*w**2 + 2*w + 1. Let t be n(-1). Let r be 544/t*6/(-4). Suppose -4*f + r = -2*f. Calculate the greatest common factor of 17 and f.
17
Let q(d) = 4*d - 99. Let y be q(28). Let m be 8664/(-22) + 2/(-11). Let p be 4/(-6) + m/(-6). What is the highest common divisor of p and y?
13
Let f(s) = 3*s**2 + 8*s + 10. Let w(r) = -3*r + 8. Let a be w(4). Let t be f(a). Calculate the highest common divisor of 65 and t.
13
Let g = 857 + -131. Calculate the greatest common factor of 66 and g.
66
Let y(d) = -d**3 + 5*d**2 + 14*d + 2. Let m be y(-3). Calculate the highest common factor of m and 2.
2
Let u(p) = -p**3 + p**2 + 7*p - 1. Let x be u(3). Suppose 14 = -x*q + 50. Suppose w = -2*w + q. What is the greatest common divisor of w and 30?
6
Let o = 31 - 19. Suppose -2*y + 0*y - q + 13 = 0, 4*q - 10 = -y. Calculate the greatest common divisor of o and y.
6
Let q(p) = 5*p**2 + 8*p. Let r(s) = -s**2 - 6. Let c be r(0). Let y be q(c). Calculate the highest common factor of 12 and y.
12
Let r be (20/3)/(5/45*-3). Let c be (-698)/(-8) + (1 - (-25)/r). What is the highest common factor of c and 29?
29
Suppose -3*m + 26 = -2*c, 2*m - 4*c - 3 = 9. Let u be (-9)/(-3) + 3 + 1 + 3. What is the highest common divisor of m and u?
10
Let i = -48 + 70. Let a = i + 53. Suppose -6*c = -c + 3*l - a, c = -l + 13. Calculate the highest common divisor of 45 and c.
9
Suppose 0 = -21*i + 1627 - 10. What is the greatest common divisor of i and 28?
7
Let r = -1695 - -1735. Let q be 30/3*2/4. What is the highest common factor of r and q?
5
Let b(y) = 67*y**2 + 68*y + 186. Let w be b(-3). Calculate the greatest common factor of w and 45.
45
Let z(t) = -t**2 - t + 1. Let g(r) = -39*r**2 - 9*r + 10. Let x(d) = -g(d) + 6*z(d). Let c be x(1). What is the greatest common factor of 2 and c?
2
Suppose -10 - 10 = -4*p. Suppose -p*o + 220 = -150. Let a = -40 + o. What is the greatest common factor of 17 and a?
17
Suppose 0 = -2*i - j + 118, 16 = i + 3*j - 48. What is the highest common factor of i and 145?
29
Let o = -3210 - -3216. Suppose 4*t = 147 - 27. Calculate the greatest common factor of o and t.
6
Let w(o) = 2*o**3 - 56*o**2 - 54*o - 114. Let u be w(29). Calculate the highest common divisor of u and 1.
1
Let l(s) = 87*s**2 + 13*s + 29. Let o be l(-2). What is the greatest common divisor of 27 and o?
27
Suppose -3*z + 108 - 3 = 0. Let x be (7 + -1 + 2)*4. Let y = x - 18. Calculate the greatest common factor of z and y.
7
Let l(h) = -1314 + 6*h - 3*h + 1321 + h**2. Let b be l(-8). Calculate the greatest common factor of 188 and b.
47
Let i(o) = o**2 - 7*o - 2. Let d be i(7). Let a be (31 - d)/((-6)/(-4)). Let j be (-68)/(-6) + 3/(-9). What is the highest common factor of j and a?
11
Let c(d) = d**3 + 7*d**2 + 5*d + 38. Let b be c(-7). Suppose k - 725 = s - 3*s, 0 = b*s - k - 1080. Calculate the greatest common factor of s and 19.
19
Let w = 285 + -249. Calculate the greatest common factor of 1026 and w.
18
Let w be (24/(-30))/(1 + 6/(-5)). Suppose 4*r = -w*v + 300, 85 = -v + 2*v + 3*r. What is the greatest common divisor of v and 14?
14
Let d be 100/(-3)*(-294)/35. Suppose -2*j - d = -4*j. Let a be (2/3)/(1/21). What is the highest common divisor of j and a?
14
Let c be (-15)/(1125/30) + (-39714)/(-10). What is the highest common factor of 11 and c?
11
Let x be 615/27 - 4/(-18). Suppose i + 8 = 3*i + k, -x = -3*i + 4*k. Calculate the greatest common divisor of 1 and i.
1
Let h be ((-6)/(-7))/(1/(4 - -10)). Suppose 72 = 12*n - 9*n. What is the highest common factor of h and n?
12
Let x(s) = -s**2 + 14*s + 2. Let k be x(9). Let g(j) = -k + 10*j + 24 + 20. Let z be g(3). What is the greatest common factor of z and 108?
27
Suppose -17*i = -20*i - 2*t + 172, i - 52 = -2*t. What is the greatest common factor of i and 84?
12
Suppose 5*p = 33 + 27. Let h be (p/(-8))/(2/(-4)). Suppose -b - 68 = -h*b. What is the greatest common factor of b and 17?
17
Suppose c - 28 = 10*k - 11*k, -k + 2*c + 25 = 0. What is the highest common divisor of 54 and k?
27
Suppose 8*p - 40 = -0*p. Suppose 0*c + 25 = p*c. What is the highest common divisor of 15 and c?
5
Suppose -9*k + 7*k = -3*y - 783, -5*k + 1995 = 5*y. Calculate the greatest common factor of k and 44.
44
Suppose -3 = 3*z - 0, -481 = -3*l - 5*z. What is the greatest common divisor of 36 and l?
18
Let l = -144 + 158. What is the greatest common factor of l and 252?
14
Let w(k) = k**3 - 38*k**2 + 3*k - 98. Let i be w(38). What is the highest common divisor of i and 2736?
16
Let r(b) = b**3 + 9*b**2 - 13*b - 20. Let c be r(-10). Let o be (-6)/c + ((-56)/10)/(-1). Calculate the greatest common divisor of o and 25.
5
Let g = -148 + 157. Suppose 0 = -5*l + g*l - 20. Calculate the greatest common divisor of l and 50.
5
Let j(h) = -h**3 - 7*h**2 - 6*h + 4. Let z be j(-6). Suppose -4*s + 4 + z = 0. Suppose -87 - 23 = -s*c. What is the greatest common factor of c and 22?
11
Let t = 4 - -1. Suppose -5*s - 5 - 10 = 0, -14 = -2*u - 2*s. Suppose 2*i + 0 - u = 0. What is the greatest common divisor of i and t?
5
Let z = -73 + 181. Let x = 152 + -143. Let y be (-636)/(-54) - 2/x*-1. What is the greatest common factor of z and y?
12
Suppose -3*d - 36 + 6 = 3*a, 26 = -2*a - 4*d. Let v be 41 - a/((-14)/(-8)). Calculate the greatest common divisor of v and 9.
9
Let k be 69/2*(0 + 12/(-9)). Let z = k + 103. What is the highest common factor of z and 19?
19
Suppose -2*i - 58 = 4*c, -5*i - 2*c - 145 = -5*c. Let f = i + 37. What is the greatest common divisor of f and 80?
8
Let g(a) be the second derivative of a**4/12 - a**3/3 + 5*a**2 + 12*a. Let k be g(0). Calculate the highest common divisor of 50 and k.
10
Let l = -692 - -893. What is the highest common divisor of 6 and l?
3
Let s(h) = h - 2. Let q be s(4). Suppose -6 = -3*k, 0*k = 2*x - q*k. Let l be (131 - x/1) + -3. Calculate the highest common divisor of 18 and l.
18
Suppose -6*o = -5*o. Suppose -4*b - l = o, -2 = 3*b + 3*l + 7. Let q(y) = 340*y**2 + 2*y - 1. Let n be q(b). What is the highest common divisor of 31 and n?
31
Let g(x) = -6*x + 14. Let j be g(-21). Suppose j + 16 = 6*u. Suppose 2*i = -q + 80, 4*i = 